{"id":7471,"date":"2020-02-18T14:31:14","date_gmt":"2020-02-18T13:31:14","guid":{"rendered":"https:\/\/www.lifepr.de\/info\/?page_id=7471"},"modified":"2021-09-29T10:50:00","modified_gmt":"2021-09-29T08:50:00","slug":"faq","status":"publish","type":"page","link":"https:\/\/www.lifepr.de\/info\/faq\/","title":{"rendered":"FAQ"},"content":{"rendered":"<div class=\"wpb-content-wrapper\">[vc_row bg_type=&#8220;image&#8220; parallax_style=&#8220;vcpb-default&#8220; bg_image_new=&#8220;id^7266|url^https:\/\/www.lifepr.de\/info\/wp-content\/uploads\/2020\/01\/istock-474087800.jpg|caption^Office desk table with computer, supplies, flower and coffee cup. Top view with copy space|alt^null|title^Office desk table with computer, supplies, flower and coffee cup|description^null&#8220; bg_image_repeat=&#8220;no-repeat&#8220; bg_override=&#8220;ex-full&#8220; enable_overlay=&#8220;enable_overlay_value&#8220; overlay_color=&#8220;rgba(0,0,0,0.2)&#8220; seperator_enable=&#8220;seperator_enable_value&#8220; seperator_type=&#8220;tilt_left_seperator&#8220; seperator_position=&#8220;bottom_seperator&#8220; seperator_svg_height=&#8220;100&#8243; seperator_shape_background=&#8220;#f5f5f5&#8243; css=&#8220;.vc_custom_1582031658298{margin-top: -50px !important;}&#8220;][vc_column][vc_empty_space height=&#8220;240px&#8220; el_id=&#8220;teaser&#8220;][mk_fancy_title tag_name=&#8220;span&#8220; color=&#8220;#000000&#8243; size=&#8220;26&#8243; force_font_size=&#8220;true&#8220; size_smallscreen=&#8220;24&#8243; size_tablet=&#8220;22&#8243; size_phone=&#8220;20&#8243; line_height=&#8220;120&#8243; font_weight=&#8220;400&#8243; font_style=&#8220;normal&#8220; margin_bottom=&#8220;0&#8243; font_family=&#8220;Montserrat&#8220; font_type=&#8220;google&#8220; align=&#8220;center&#8220; el_class=&#8220;black-header&#8220;]Gerne beantworten wir Ihnen schon vorab die h\u00e4ufig gestellten Fragen zur lifePR[\/mk_fancy_title][mk_fancy_title tag_name=&#8220;h1&#8243; color=&#8220;#000000&#8243; size=&#8220;60&#8243; force_font_size=&#8220;true&#8220; size_smallscreen=&#8220;60&#8243; size_tablet=&#8220;45&#8243; size_phone=&#8220;35&#8243; line_height=&#8220;120&#8243; font_weight=&#8220;bold&#8220; font_style=&#8220;normal&#8220; txt_transform=&#8220;uppercase&#8220; letter_spacing=&#8220;0.5&#8243; font_family=&#8220;Montserrat&#8220; font_type=&#8220;google&#8220; align=&#8220;center&#8220; el_class=&#8220;black-header&#8220;]FAQ[\/mk_fancy_title][vc_empty_space height=&#8220;150px&#8220; el_id=&#8220;teaser&#8220;][\/vc_column][\/vc_row][vc_row bg_type=&#8220;bg_color&#8220; bg_override=&#8220;ex-full&#8220; id=&#8220;contact&#8220; bg_color_value=&#8220;#f5f5f5&#8243;][vc_column][vc_empty_space height=&#8220;60&#8243;][vc_row_inner][vc_column_inner width=&#8220;1\/6&#8243;][\/vc_column_inner][vc_column_inner width=&#8220;2\/3&#8243;][mk_fancy_title tag_name=&#8220;h4&#8243; size=&#8220;30&#8243; force_font_size=&#8220;true&#8220; size_smallscreen=&#8220;28&#8243; size_tablet=&#8220;26&#8243; size_phone=&#8220;22&#8243; font_weight=&#8220;600&#8243; font_family=&#8220;Montserrat&#8220; font_type=&#8220;google&#8220;]Fragen zur lifePR[\/mk_fancy_title][mk_faq sortable=&#8220;false&#8220; count=&#8220;-1&#8243; orderby=&#8220;post__in&#8220; posts=&#8220;1115, 7600, 7602, 7604, 1123, 1125, 7606, 7608, 7611, 7613, 7615, 7617, 1151&#8243;][\/vc_column_inner][vc_column_inner width=&#8220;1\/6&#8243;][\/vc_column_inner][\/vc_row_inner][vc_empty_space height=&#8220;40&#8243;][\/vc_column][\/vc_row][vc_row bg_type=&#8220;bg_color&#8220; bg_override=&#8220;ex-full&#8220; id=&#8220;contact&#8220; bg_color_value=&#8220;#f5f5f5&#8243;][vc_column][vc_empty_space height=&#8220;60&#8243;][vc_row_inner][vc_column_inner width=&#8220;1\/6&#8243;][\/vc_column_inner][vc_column_inner width=&#8220;2\/3&#8243;][mk_fancy_title tag_name=&#8220;h4&#8243; size=&#8220;30&#8243; force_font_size=&#8220;true&#8220; size_smallscreen=&#8220;28&#8243; size_tablet=&#8220;26&#8243; size_phone=&#8220;22&#8243; font_weight=&#8220;600&#8243; font_family=&#8220;Montserrat&#8220; font_type=&#8220;google&#8220;]Fragen zum Leistungsumfang[\/mk_fancy_title][mk_faq sortable=&#8220;false&#8220; count=&#8220;-1&#8243; orderby=&#8220;post__in&#8220; posts=&#8220;7619, 7621, 7624, 1149, 7626, 7628, 7630, 7632, 7636, 7638, 7647&#8243;][\/vc_column_inner][vc_column_inner width=&#8220;1\/6&#8243;][\/vc_column_inner][\/vc_row_inner][vc_empty_space height=&#8220;40&#8243;][\/vc_column][\/vc_row][vc_row bg_type=&#8220;bg_color&#8220; bg_override=&#8220;ex-full&#8220; id=&#8220;contact&#8220; bg_color_value=&#8220;#f5f5f5&#8243;][vc_column][vc_empty_space height=&#8220;60&#8243;][vc_row_inner][vc_column_inner width=&#8220;1\/6&#8243;][\/vc_column_inner][vc_column_inner width=&#8220;2\/3&#8243;][mk_fancy_title tag_name=&#8220;h4&#8243; size=&#8220;30&#8243; force_font_size=&#8220;true&#8220; size_smallscreen=&#8220;28&#8243; size_tablet=&#8220;26&#8243; size_phone=&#8220;22&#8243; font_weight=&#8220;600&#8243; font_family=&#8220;Montserrat&#8220; font_type=&#8220;google&#8220;]Administration in der MyBox[\/mk_fancy_title][mk_faq sortable=&#8220;false&#8220; count=&#8220;-1&#8243; orderby=&#8220;post__in&#8220; posts=&#8220;7651, 7654, 7657, 7659, 7661, 7663, 7665&#8243;][\/vc_column_inner][vc_column_inner width=&#8220;1\/6&#8243;][\/vc_column_inner][\/vc_row_inner][vc_empty_space height=&#8220;40&#8243;][\/vc_column][\/vc_row][vc_row bg_type=&#8220;bg_color&#8220; bg_override=&#8220;ex-full&#8220; id=&#8220;contact&#8220; bg_color_value=&#8220;#f5f5f5&#8243;][vc_column][vc_empty_space height=&#8220;60&#8243;][vc_row_inner][vc_column_inner width=&#8220;1\/6&#8243;][\/vc_column_inner][vc_column_inner width=&#8220;2\/3&#8243;][mk_fancy_title tag_name=&#8220;h4&#8243; size=&#8220;30&#8243; force_font_size=&#8220;true&#8220; size_smallscreen=&#8220;28&#8243; size_tablet=&#8220;26&#8243; size_phone=&#8220;22&#8243; font_weight=&#8220;600&#8243; font_family=&#8220;Montserrat&#8220; font_type=&#8220;google&#8220;]Bestellung und Vertrag<br \/>\n[\/mk_fancy_title][mk_faq sortable=&#8220;false&#8220; count=&#8220;-1&#8243; orderby=&#8220;post__in&#8220; posts=&#8220;7667, 7669, 1141, 7674, 7676, 7678&#8243;][\/vc_column_inner][vc_column_inner width=&#8220;1\/6&#8243;][\/vc_column_inner][\/vc_row_inner][vc_empty_space height=&#8220;40&#8243;][\/vc_column][\/vc_row][vc_row bg_type=&#8220;bg_color&#8220; bg_override=&#8220;ex-full&#8220; id=&#8220;contact&#8220; bg_color_value=&#8220;#f5f5f5&#8243;][vc_column][vc_empty_space height=&#8220;60&#8243;][vc_row_inner][vc_column_inner width=&#8220;1\/6&#8243;][\/vc_column_inner][vc_column_inner width=&#8220;2\/3&#8243;][mk_fancy_title tag_name=&#8220;h4&#8243; size=&#8220;30&#8243; force_font_size=&#8220;true&#8220; size_smallscreen=&#8220;28&#8243; size_tablet=&#8220;26&#8243; size_phone=&#8220;22&#8243; font_weight=&#8220;600&#8243; font_family=&#8220;Montserrat&#8220; font_type=&#8220;google&#8220;]Datenschutz und Datensicherheit[\/mk_fancy_title][mk_faq sortable=&#8220;false&#8220; count=&#8220;-1&#8243; orderby=&#8220;post__in&#8220; posts=&#8220;7680, 7684, 7686, 7690, 7694&#8243;][\/vc_column_inner][vc_column_inner width=&#8220;1\/6&#8243;][\/vc_column_inner][\/vc_row_inner][vc_empty_space height=&#8220;40&#8243;][\/vc_column][\/vc_row][vc_row bg_type=&#8220;bg_color&#8220; bg_override=&#8220;ex-full&#8220; id=&#8220;contact&#8220; bg_color_value=&#8220;#f5f5f5&#8243;][vc_column][vc_empty_space height=&#8220;60&#8243;][vc_row_inner][vc_column_inner width=&#8220;1\/6&#8243;][\/vc_column_inner][vc_column_inner width=&#8220;2\/3&#8243;][mk_fancy_title tag_name=&#8220;h4&#8243; size=&#8220;30&#8243; force_font_size=&#8220;true&#8220; size_smallscreen=&#8220;28&#8243; size_tablet=&#8220;26&#8243; size_phone=&#8220;22&#8243; font_weight=&#8220;600&#8243; font_family=&#8220;Montserrat&#8220; font_type=&#8220;google&#8220;]Service und Support[\/mk_fancy_title][mk_faq sortable=&#8220;false&#8220; count=&#8220;-1&#8243; orderby=&#8220;post__in&#8220; posts=&#8220;1131, 7696&#8243;][\/vc_column_inner][vc_column_inner width=&#8220;1\/6&#8243;][\/vc_column_inner][\/vc_row_inner][vc_empty_space height=&#8220;40&#8243;][\/vc_column][\/vc_row][vc_row bg_type=&#8220;bg_color&#8220; bg_override=&#8220;ex-full&#8220; id=&#8220;contact&#8220; bg_color_value=&#8220;#f5f5f5&#8243;][vc_column][vc_empty_space height=&#8220;60&#8243;][vc_row_inner][vc_column_inner width=&#8220;1\/6&#8243;][\/vc_column_inner][vc_column_inner width=&#8220;2\/3&#8243;][mk_fancy_title tag_name=&#8220;h4&#8243; size=&#8220;30&#8243; force_font_size=&#8220;true&#8220; size_smallscreen=&#8220;28&#8243; size_tablet=&#8220;26&#8243; size_phone=&#8220;22&#8243; font_weight=&#8220;600&#8243; font_family=&#8220;Montserrat&#8220; font_type=&#8220;google&#8220;]Technische Fragen[\/mk_fancy_title][mk_faq sortable=&#8220;false&#8220; count=&#8220;-1&#8243; orderby=&#8220;post__in&#8220; posts=&#8220;7698, 7700&#8243;][\/vc_column_inner][vc_column_inner width=&#8220;1\/6&#8243;][\/vc_column_inner][\/vc_row_inner][vc_empty_space height=&#8220;40&#8243;][\/vc_column][\/vc_row]\n<\/div>","protected":false},"excerpt":{"rendered":"<p>[vc_row bg_type=&#8220;image&#8220; parallax_style=&#8220;vcpb-default&#8220; bg_image_new=&#8220;id^7266|url^https:\/\/www.lifepr.de\/info\/wp-content\/uploads\/2020\/01\/istock-474087800.jpg|caption^Office desk table with computer, supplies, flower and coffee cup. Top view with copy space|alt^null|title^Office desk table with computer, supplies, flower and coffee cup|description^null&#8220; bg_image_repeat=&#8220;no-repeat&#8220; bg_override=&#8220;ex-full&#8220; enable_overlay=&#8220;enable_overlay_value&#8220; overlay_color=&#8220;rgba(0,0,0,0.2)&#8220; seperator_enable=&#8220;seperator_enable_value&#8220; seperator_type=&#8220;tilt_left_seperator&#8220; seperator_position=&#8220;bottom_seperator&#8220; seperator_svg_height=&#8220;100&#8243; seperator_shape_background=&#8220;#f5f5f5&#8243; css=&#8220;.vc_custom_1582031658298{margin-top: -50px !important;}&#8220;][vc_column][vc_empty_space height=&#8220;240px&#8220; el_id=&#8220;teaser&#8220;][mk_fancy_title tag_name=&#8220;span&#8220; color=&#8220;#000000&#8243; size=&#8220;26&#8243; force_font_size=&#8220;true&#8220; size_smallscreen=&#8220;24&#8243; size_tablet=&#8220;22&#8243; size_phone=&#8220;20&#8243; line_height=&#8220;120&#8243; font_weight=&#8220;400&#8243; font_style=&#8220;normal&#8220; margin_bottom=&#8220;0&#8243; font_family=&#8220;Montserrat&#8220; font_type=&#8220;google&#8220; align=&#8220;center&#8220; [&hellip;]<\/p>\n","protected":false},"author":6,"featured_media":0,"parent":0,"menu_order":0,"comment_status":"closed","ping_status":"closed","template":"","meta":{"footnotes":""},"folder":[],"class_list":["post-7471","page","type-page","status-publish","hentry"],"yoast_head":"<!-- This site is optimized with the Yoast SEO plugin v26.6 - https:\/\/yoast.com\/wordpress\/plugins\/seo\/ -->\n<title>FAQ - H\u00e4ufig gestellten Fragen zur lifePR<\/title>\n<meta name=\"description\" content=\"Gerne beantworten wir Ihnen die h\u00e4ufig gestellten Fragen zur lifePR. Im Zentrum stehen die Ver\u00f6ffentlichung Ihrer Pressemeldungen.\" \/>\n<meta name=\"robots\" content=\"index, follow, max-snippet:-1, max-image-preview:large, max-video-preview:-1\" \/>\n<link rel=\"canonical\" href=\"https:\/\/www.lifepr.de\/info\/faq\/\" \/>\n<meta property=\"og:locale\" content=\"de_DE\" \/>\n<meta property=\"og:type\" content=\"article\" \/>\n<meta property=\"og:title\" content=\"FAQ - H\u00e4ufig gestellten Fragen zur lifePR\" \/>\n<meta property=\"og:description\" content=\"Gerne beantworten wir Ihnen die h\u00e4ufig gestellten Fragen zur lifePR. Im Zentrum stehen die Ver\u00f6ffentlichung Ihrer Pressemeldungen.\" \/>\n<meta property=\"og:url\" content=\"https:\/\/www.lifepr.de\/info\/faq\/\" \/>\n<meta property=\"og:site_name\" content=\"Inhalte ver\u00f6ffentlichen mit lifePR\" \/>\n<meta property=\"article:modified_time\" content=\"2021-09-29T08:50:00+00:00\" \/>\n<meta name=\"twitter:card\" content=\"summary_large_image\" \/>\n<meta name=\"twitter:label1\" content=\"Gesch\u00e4tzte Lesezeit\" \/>\n\t<meta name=\"twitter:data1\" content=\"2\u00a0Minuten\" \/>\n<script type=\"application\/ld+json\" class=\"yoast-schema-graph\">{\"@context\":\"https:\/\/schema.org\",\"@graph\":[{\"@type\":\"WebPage\",\"@id\":\"https:\/\/www.lifepr.de\/info\/faq\/\",\"url\":\"https:\/\/www.lifepr.de\/info\/faq\/\",\"name\":\"FAQ - H\u00e4ufig gestellten Fragen zur lifePR\",\"isPartOf\":{\"@id\":\"https:\/\/www.lifepr.de\/info\/#website\"},\"datePublished\":\"2020-02-18T13:31:14+00:00\",\"dateModified\":\"2021-09-29T08:50:00+00:00\",\"description\":\"Gerne beantworten wir Ihnen die h\u00e4ufig gestellten Fragen zur lifePR. Im Zentrum stehen die Ver\u00f6ffentlichung Ihrer Pressemeldungen.\",\"breadcrumb\":{\"@id\":\"https:\/\/www.lifepr.de\/info\/faq\/#breadcrumb\"},\"inLanguage\":\"de\",\"potentialAction\":[{\"@type\":\"ReadAction\",\"target\":[\"https:\/\/www.lifepr.de\/info\/faq\/\"]}]},{\"@type\":\"BreadcrumbList\",\"@id\":\"https:\/\/www.lifepr.de\/info\/faq\/#breadcrumb\",\"itemListElement\":[{\"@type\":\"ListItem\",\"position\":1,\"name\":\"Startseite\",\"item\":\"https:\/\/www.lifepr.de\/info\/\"},{\"@type\":\"ListItem\",\"position\":2,\"name\":\"FAQ\"}]},{\"@type\":\"WebSite\",\"@id\":\"https:\/\/www.lifepr.de\/info\/#website\",\"url\":\"https:\/\/www.lifepr.de\/info\/\",\"name\":\"Inhalte ver\u00f6ffentlichen mit lifePR\",\"description\":\"Inhalte ver\u00f6ffentlichen - Inhalte verbreiten - Inhalte erstellen\",\"potentialAction\":[{\"@type\":\"SearchAction\",\"target\":{\"@type\":\"EntryPoint\",\"urlTemplate\":\"https:\/\/www.lifepr.de\/info\/?s={search_term_string}\"},\"query-input\":{\"@type\":\"PropertyValueSpecification\",\"valueRequired\":true,\"valueName\":\"search_term_string\"}}],\"inLanguage\":\"de\"}]}<\/script>\n<!-- \/ Yoast SEO plugin. -->","yoast_head_json":{"title":"FAQ - H\u00e4ufig gestellten Fragen zur lifePR","description":"Gerne beantworten wir Ihnen die h\u00e4ufig gestellten Fragen zur lifePR. Im Zentrum stehen die Ver\u00f6ffentlichung Ihrer Pressemeldungen.","robots":{"index":"index","follow":"follow","max-snippet":"max-snippet:-1","max-image-preview":"max-image-preview:large","max-video-preview":"max-video-preview:-1"},"canonical":"https:\/\/www.lifepr.de\/info\/faq\/","og_locale":"de_DE","og_type":"article","og_title":"FAQ - H\u00e4ufig gestellten Fragen zur lifePR","og_description":"Gerne beantworten wir Ihnen die h\u00e4ufig gestellten Fragen zur lifePR. Im Zentrum stehen die Ver\u00f6ffentlichung Ihrer Pressemeldungen.","og_url":"https:\/\/www.lifepr.de\/info\/faq\/","og_site_name":"Inhalte ver\u00f6ffentlichen mit lifePR","article_modified_time":"2021-09-29T08:50:00+00:00","twitter_card":"summary_large_image","twitter_misc":{"Gesch\u00e4tzte Lesezeit":"2\u00a0Minuten"},"schema":{"@context":"https:\/\/schema.org","@graph":[{"@type":"WebPage","@id":"https:\/\/www.lifepr.de\/info\/faq\/","url":"https:\/\/www.lifepr.de\/info\/faq\/","name":"FAQ - H\u00e4ufig gestellten Fragen zur lifePR","isPartOf":{"@id":"https:\/\/www.lifepr.de\/info\/#website"},"datePublished":"2020-02-18T13:31:14+00:00","dateModified":"2021-09-29T08:50:00+00:00","description":"Gerne beantworten wir Ihnen die h\u00e4ufig gestellten Fragen zur lifePR. Im Zentrum stehen die Ver\u00f6ffentlichung Ihrer Pressemeldungen.","breadcrumb":{"@id":"https:\/\/www.lifepr.de\/info\/faq\/#breadcrumb"},"inLanguage":"de","potentialAction":[{"@type":"ReadAction","target":["https:\/\/www.lifepr.de\/info\/faq\/"]}]},{"@type":"BreadcrumbList","@id":"https:\/\/www.lifepr.de\/info\/faq\/#breadcrumb","itemListElement":[{"@type":"ListItem","position":1,"name":"Startseite","item":"https:\/\/www.lifepr.de\/info\/"},{"@type":"ListItem","position":2,"name":"FAQ"}]},{"@type":"WebSite","@id":"https:\/\/www.lifepr.de\/info\/#website","url":"https:\/\/www.lifepr.de\/info\/","name":"Inhalte ver\u00f6ffentlichen mit lifePR","description":"Inhalte ver\u00f6ffentlichen - Inhalte verbreiten - Inhalte erstellen","potentialAction":[{"@type":"SearchAction","target":{"@type":"EntryPoint","urlTemplate":"https:\/\/www.lifepr.de\/info\/?s={search_term_string}"},"query-input":{"@type":"PropertyValueSpecification","valueRequired":true,"valueName":"search_term_string"}}],"inLanguage":"de"}]}},"_links":{"self":[{"href":"https:\/\/www.lifepr.de\/info\/wp-json\/wp\/v2\/pages\/7471","targetHints":{"allow":["GET"]}}],"collection":[{"href":"https:\/\/www.lifepr.de\/info\/wp-json\/wp\/v2\/pages"}],"about":[{"href":"https:\/\/www.lifepr.de\/info\/wp-json\/wp\/v2\/types\/page"}],"author":[{"embeddable":true,"href":"https:\/\/www.lifepr.de\/info\/wp-json\/wp\/v2\/users\/6"}],"replies":[{"embeddable":true,"href":"https:\/\/www.lifepr.de\/info\/wp-json\/wp\/v2\/comments?post=7471"}],"version-history":[{"count":2,"href":"https:\/\/www.lifepr.de\/info\/wp-json\/wp\/v2\/pages\/7471\/revisions"}],"predecessor-version":[{"id":33311,"href":"https:\/\/www.lifepr.de\/info\/wp-json\/wp\/v2\/pages\/7471\/revisions\/33311"}],"wp:attachment":[{"href":"https:\/\/www.lifepr.de\/info\/wp-json\/wp\/v2\/media?parent=7471"}],"wp:term":[{"taxonomy":"folder","embeddable":true,"href":"https:\/\/www.lifepr.de\/info\/wp-json\/wp\/v2\/folder?post=7471"}],"curies":[{"name":"wp","href":"https:\/\/api.w.org\/{rel}","templated":true}]}}